e thousands digit of f(-22)?
7
Let c = 771 + 573. Suppose -144*b = -151*b + c. What is the tens digit of b?
9
Let h = -1007 - -45. Let n = h - -1437. Suppose -11*q + 966 = -n. What is the units digit of q?
1
Let m = -125 + 141. Suppose 3*v + 906 = 17*c - m*c, -4*c - 4*v + 3592 = 0. What is the units digit of c?
0
Let a = 4361 - -259. What is the tens digit of a?
2
Suppose 7*a - 10*a - 3*z - 24 = 0, 0 = 4*z + 8. What is the tens digit of ((-1647)/a)/(-5 - (-77)/14)?
4
Let t = -124 - -128. Suppose 0*x = -x + t*q + 981, -3*x + q = -2954. What is the units digit of x?
5
Let t(g) = g**3 - 8*g**2 + 8*g - 3. Let u be t(7). Let b be 4/(-30) + (-992)/(-240). Suppose n + b*f = 5*n - 248, n = u*f + 65. What is the tens digit of n?
6
Let t = -1182 - -4600. What is the tens digit of t?
1
What is the units digit of ((-67689)/(-6))/(-3)*(-102 - -100)?
1
Suppose 0 = -5*x + 25, 25 = -2*d + 3*x + 2*x. Suppose 0 = -d*v + v. Suppose -6*r + 378 = -v*r. What is the units digit of r?
3
Let i(j) = j**3 - 4*j**2 - 3*j - 19. Let b be i(6). What is the units digit of (-1050 + 2)*(-4 + b/10)?
4
Let k be -1*-1*(1 - -2). Let r(g) = -g**2 - 20*g - 79. Let l be r(-14). Suppose -7*s = -k*s + y - 232, l*y + 256 = 4*s. What is the units digit of s?
9
Let l(y) = -4*y**2 + 42*y + 34. Let j(d) = d**2. Let t(i) = -5*j(i) - l(i). What is the units digit of t(-14)?
8
Let k(u) = -2*u**3 + 4*u**2 - 3*u + 5. Let c be k(3). Let s = -27 - c. What is the units digit of -51*(-20)/(-75)*s/2?
4
Suppose 11562 = 5*x - 3*g, 2*g + 0*g + 8 = 0. Suppose 3*l = 2*i + x, 11*l - 4*i + 3850 = 16*l. What is the tens digit of l?
7
Let r = 838 + -860. Let w = r - -1659. What is the units digit of w?
7
Let v be ((-5)/(-15))/((-2)/12). Let m(f) = -f**2 + 7*f. Let x be m(3). Let n = x + v. What is the units digit of n?
0
Let z(q) = -1114*q + 934. What is the hundreds digit of z(-28)?
1
Let n = -30804 - -45254. What is the ten thousands digit of n?
1
Let r(d) = 127*d**3 - 10*d**2 - 12*d. What is the hundreds digit of r(5)?
5
Let w(l) = 7*l**3 + 6*l**2 + 23*l - 179. What is the ten thousands digit of w(11)?
1
Let r = 1220 - 2400. Let f = 2016 + r. What is the tens digit of f?
3
Let h(f) = 4*f**2 + 14*f + 4. Let r be h(-4). Suppose 10*a - r*a - 10 = 0, -4*v - 2*a = -1922. What is the units digit of v?
3
Suppose 4*r + g = 121850, 33528 + 27364 = 2*r - 5*g. What is the units digit of r?
1
Let g(m) = -6*m - 48. Let c be g(-8). Suppose c = l - 5*l + 10852. Suppose l - 931 = 11*f. What is the hundreds digit of f?
1
Let n = 17001 - 2415. What is the ten thousands digit of n?
1
Suppose 23*i + 11 = 103. Suppose 0 = -i*g - r + 637, 2*r - 177 = -2*g + 149. What is the hundreds digit of g?
1
Let c be 2*(-3)/9 + (-25)/(-15). Let p(d) = 49*d + 2. Let r(k) = 1. Let y(u) = c*p(u) - 5*r(u). What is the tens digit of y(1)?
4
Let w be -21*12/(-630) - (-23)/5. Let n(o) = -18*o + 5. Let p be n(-4). Suppose p + 508 = w*z. What is the hundreds digit of z?
1
Suppose 0 = -5*p + 2*s + 1201, p + 5*s - 306 = -55. Suppose t - p = m, -2*m + 934 = 4*t - 0*m. What is the hundreds digit of t?
2
Suppose -4*v + 18 = -3*w, 0*v + 2*w - 28 = -4*v. What is the tens digit of 5/10 - (0 - 5805/v)?
6
Let f(p) be the second derivative of p**3/6 + 7*p**2/2 + 10*p. Let q be f(-7). Suppose -2*j + 72 = 4*h, 72 = 3*h - q*h - 3*j. What is the units digit of h?
0
Suppose -186*u + 71925 = -161*u. What is the units digit of u?
7
Let w(i) = -i**2 + 11*i - 25. Let s be w(6). Suppose -34 = s*p - 59. Suppose 4*r - 2*r + 42 = 2*f, 105 = p*f + 2*r. What is the units digit of f?
1
Let g = 613 - 433. Suppose 0 = 174*s - g*s + 774. What is the tens digit of s?
2
Suppose 609*c - 2163690 = 551*c. What is the units digit of c?
5
Let z(x) = 9*x**2 - 2*x - 3. Let f be z(-1). Let m(b) = 3*b - 19. Let n be m(f). Suppose -3*j = p + 21 - 130, -493 = -n*p - 2*j. What is the units digit of p?
7
Let w be (0/(-1))/(2/1) + 30. Suppose -8*i + w = -2*i. Suppose -i*o - 98 = -408. What is the units digit of o?
2
Suppose 0 = -14*o + 79 - 9. Suppose -o*t = z - 618, 2*z - 4*t - 1835 = -z. What is the hundreds digit of z?
6
Suppose 38*s - 2*s = -199726 + 762298. What is the ten thousands digit of s?
1
Suppose -40*n + 1605 = -35*n. Let f = n - 182. What is the units digit of f?
9
Let y be (-3*6/(-27))/(4/(-18)). What is the units digit of ((-10)/y)/((-2)/(-501))?
5
What is the ten thousands digit of (84/114)/7 + 5/(855/12466566)?
7
Suppose -5*f - 1710 = -2*u, 0 = u + 7*f - 8*f - 849. Suppose -5956 + u = -19*b. What is the tens digit of b?
6
Suppose 4*a - 59 = 5*m, 2*a + 0*m + m = 47. Suppose -13*l - 2928 = -a*l. What is the hundreds digit of l?
3
Let c = -451 - -827. Suppose 0 = -3*g - 2*m + 18, 3*m + m - 28 = -4*g. Suppose -c = -4*z + f, -g*f = -3*z - 8*f + 301. What is the tens digit of z?
9
Let s = 247 - 247. Suppose 3*j = -3*u - j + 809, 2*u - 2*j - 530 = s. What is the units digit of u?
7
Suppose -15*k = 2*i - 37417, -2*i - 1737 = -2*k + 3261. What is the units digit of k?
5
Suppose -172*w - 135408 = -3*s - 175*w, 4*w + 180616 = 4*s. What is the ten thousands digit of s?
4
Let h(p) = 15*p + 30. Let x(g) = -g**3 - 3*g**2 + 8*g + 4. Let s be x(-5). Let r be h(s). What is the tens digit of 6/18*(r - 3)?
7
Suppose 3*b = 2*y - 31158 - 83477, b + 171928 = 3*y. What is the hundreds digit of y?
3
Suppose b + 8*k = 9*k + 225, 0 = 3*b - 2*k - 671. Let n be -2 + (-1)/(-1) - -2. What is the tens digit of 3/(6/b) + n/(-2)?
1
Let y = -397 + 363. Let i = y + 204. What is the tens digit of i?
7
Let y(q) = 0*q**3 - 22 + 2*q - q**3 + 25. Let k be y(-2). Let h(o) = 19*o + 31. What is the tens digit of h(k)?
6
Let v(d) = 410*d - 3477. What is the tens digit of v(75)?
7
Suppose 33 = 10*b - 7. Suppose -n - b*n + t = -14, 3*n = -4*t + 13. Let o(k) = 11*k**2 - 2*k + 4. What is the units digit of o(n)?
7
Suppose -4*h = -5*k - 38256, 2*h - 3*k = k + 19128. Suppose -4*g + 16*g = h. Suppose 12*z - g = 1291. What is the units digit of z?
4
Let f be (-6*(-15)/10)/((-2)/30). Let l = f + 194. Let x = l - -80. What is the tens digit of x?
3
Let c = 60 + -43. Suppose c*f - 11160 = -13*f. What is the hundreds digit of f?
3
Suppose 5*y = 2*m + 10 + 84, 3*y + 3*m - 48 = 0. What is the hundreds digit of ((-2894)/y*3)/(2/(-6))?
4
Let n = 209 + -132. Suppose n = -5*p + 312. What is the units digit of p?
7
Suppose 15*f + 10380 = 33300. What is the hundreds digit of f?
5
Let n(v) be the third derivative of 31*v**4/24 + v**3/6 + 8*v**2. Let o be n(-1). What is the units digit of (-40)/o*(650/4 + -2)?
4
What is the ten thousands digit of (-327095)/(-13) + -1*2/13?
2
Suppose -87*l = -84*l + 468. Let g = -300 + 191. Let u = g - l. What is the units digit of u?
7
Let m = 109813 - 73903. What is the units digit of m?
0
Let o be (8 - (-225)/(-27))/(-3 + (-292)/(-96)). Let k(d) be the first derivative of 2*d**3/3 - 3*d**2 + 3*d + 1. What is the hundreds digit of k(o)?
1
Let h(n) = 193*n**3 - 8*n**2 + 33*n - 1. Let z be h(4). Suppose z - 2569 = 21*o. What is the tens digit of o?
6
Let l(j) = 4*j + 151. Let i be l(-37). Suppose -3*t - i*g = -6*g - 1797, -g + 1210 = 2*t. What is the units digit of t?
3
Suppose 0 = 3*q - 6 - 27. Suppose 10 = -x + q. What is the tens digit of (68/(-5))/(x/(-5))?
6
Let x = 50 + 46. Let m be 1/(-4) - (-20088)/x. Let q = m - 147. What is the units digit of q?
2
Suppose 5*w - 136610 = -5*u, -3*w - 284*u = -279*u - 81960. What is the units digit of w?
5
Suppose 56*b - 168862 = 314331 + 522567. What is the units digit of b?
0
Let q = -634 - -1660. Suppose 762 = 4*c - q. What is the hundreds digit of c?
4
Let h(t) = 331*t**2 + 10*t + 9. What is the thousands digit of h(-6)?
1
Let d(f) = 1358*f + 2790. What is the hundreds digit of d(9)?
0
Let w = 163 - -511. Let l = w - -182. What is the hundreds digit of l?
8
Suppose 49891 = -4*m + 8*m - n, 0 = 5*n - 5. What is the ten thousands digit of m?
1
Suppose i - 52 = -3*d + 6*i, 2*i = 4*d - 46. Suppose -6*n = -d*n + 12. Suppose n*p - 247 - 117 = 0. What is the units digit of p?
1
Let z(c) = -c**3 + 25*c**2 - 8*c - 25. Let p be z(20). Suppose 36*k - 25*k - p = 0. What is the units digit of k?
5
Suppose -2*m + 2*k + 95552 = 0, k - 191104 = 4869*m - 4873*m. What is the hundreds digit of m?
7
Let q = 13125 + -7120. What is the tens digit of q?
0
Let y = -18 - -43. Let p(d)